{"id":1144,"date":"2014-10-23T08:55:23","date_gmt":"2014-10-23T08:55:23","guid":{"rendered":"http:\/\/www.hegykozisuli.hu\/?page_id=1144"},"modified":"2014-10-25T03:25:27","modified_gmt":"2014-10-25T03:25:27","slug":"19941995-2","status":"publish","type":"page","link":"https:\/\/www.hegykozisuli.hu\/?page_id=1144","title":{"rendered":"1994\/1995"},"content":{"rendered":"<p style=\"text-align: center;\">8. a<\/p>\n<p style=\"text-align: center;\"><a href=\"https:\/\/www.hegykozisuli.hu\/wp-content\/uploads\/2014\/10\/1995_8a.jpg\"><img decoding=\"async\" loading=\"lazy\" class=\"aligncenter size-medium wp-image-1233\" src=\"https:\/\/www.hegykozisuli.hu\/wp-content\/uploads\/2014\/10\/1995_8a-300x175.jpg\" alt=\"1995_8a\" width=\"300\" height=\"175\" srcset=\"https:\/\/www.hegykozisuli.hu\/wp-content\/uploads\/2014\/10\/1995_8a-300x175.jpg 300w, https:\/\/www.hegykozisuli.hu\/wp-content\/uploads\/2014\/10\/1995_8a.jpg 1024w\" sizes=\"(max-width: 300px) 100vw, 300px\" \/><\/a><\/p>\n<p style=\"text-align: center;\">\u00c1ll\u00f3 sor:<\/p>\n<p style=\"text-align: center;\">Dand\u00e1s Veronika, T\u00f3th Zsolt, Sompataki Tam\u00e1s, Cz\u00f3k Csaba, Melicher Don\u00e1t,<br \/>\nSut\u00e1k G\u00e1bor, T\u00f3th Tam\u00e1s, Tusai Zsolt, H\u00f6rcsik D\u00e9nes, M\u00f3ricz Mih\u00e1ly, Zsiga \u00c9va<\/p>\n<p style=\"text-align: center;\">\u00dcl\u0151 sor:<\/p>\n<p style=\"text-align: center;\">Repka No\u00e9mi, Rabatin T\u00edmea, Esp\u00e1n Anita<\/p>\n<p style=\"text-align: center;\">Igazgat\u00f3 helyettes: Orosz J\u00f3zsef,<\/p>\n<p style=\"text-align: center;\">Oszt\u00e1lyf\u0151n\u00f6k: Horv\u00e1th Zolt\u00e1n,<\/p>\n<p style=\"text-align: center;\">Igazgat\u00f3: Szalontai Mikl\u00f3s.<\/p>\n<p style=\"text-align: center;\">Koncsol Csilla, Albert Gabriella, Dand\u00e1s Katalin<\/p>\n<p style=\"text-align: center;\">8. b<\/p>\n<p style=\"text-align: center;\"><a href=\"https:\/\/www.hegykozisuli.hu\/wp-content\/uploads\/2014\/10\/1995_8b.jpg\"><img decoding=\"async\" loading=\"lazy\" class=\"aligncenter size-medium wp-image-1234\" src=\"https:\/\/www.hegykozisuli.hu\/wp-content\/uploads\/2014\/10\/1995_8b-300x171.jpg\" alt=\"1995_8b\" width=\"300\" height=\"171\" srcset=\"https:\/\/www.hegykozisuli.hu\/wp-content\/uploads\/2014\/10\/1995_8b-300x171.jpg 300w, https:\/\/www.hegykozisuli.hu\/wp-content\/uploads\/2014\/10\/1995_8b.jpg 1024w\" sizes=\"(max-width: 300px) 100vw, 300px\" \/><\/a><\/p>\n<p style=\"text-align: center;\">\u00c1ll\u00f3 sor:<\/p>\n<p style=\"text-align: center;\">Tarr J\u00f3zsef, Bodn\u00e1r Bertalan, Berki J\u00f3zsef, Bacs\u00f3 Zolt\u00e1n, K\u00e1rp\u00e1t Emese, Kov\u00e1cs Szabina, Lesovics Adrienn, Bacs\u00f3 Kl\u00e1ra, Petercs\u00e1k Zolt\u00e1n, Bacsinszki Mikl\u00f3s, Kubik B\u00e9la, Fagyal P\u00e9ter<\/p>\n<p style=\"text-align: center;\">\u00dcl\u0151 sor:<\/p>\n<p style=\"text-align: center;\">F\u00e1bi\u00e1n Hajnalka, Bacsinszki Katalin, Luk\u00e1cs Laura<\/p>\n<p style=\"text-align: center;\">Igazgat\u00f3 helyettes: Orosz J\u00f3zsef<\/p>\n<p style=\"text-align: center;\">Oszt\u00e1lyf\u0151n\u00f6k: T\u00f3th Andr\u00e1sn\u00e9<\/p>\n<p style=\"text-align: center;\">Igazgat\u00f3: Szalontai Mikl\u00f3s<\/p>\n<p style=\"text-align: center;\">Juh\u00e1sz Annam\u00e1ria, Makula Katalin, Zsiga Hajnalka<\/p>\n","protected":false},"excerpt":{"rendered":"<p>8. a \u00c1ll\u00f3 sor: Dand\u00e1s Veronika, T\u00f3th Zsolt, Sompataki Tam\u00e1s, Cz\u00f3k Csaba, Melicher Don\u00e1t, Sut\u00e1k G\u00e1bor, T\u00f3th Tam\u00e1s, Tusai Zsolt,<span class=\"exprt-dot\">&#8230;<\/span><\/p>\n","protected":false},"author":2,"featured_media":0,"parent":0,"menu_order":0,"comment_status":"closed","ping_status":"closed","template":"","meta":[],"_links":{"self":[{"href":"https:\/\/www.hegykozisuli.hu\/index.php?rest_route=\/wp\/v2\/pages\/1144"}],"collection":[{"href":"https:\/\/www.hegykozisuli.hu\/index.php?rest_route=\/wp\/v2\/pages"}],"about":[{"href":"https:\/\/www.hegykozisuli.hu\/index.php?rest_route=\/wp\/v2\/types\/page"}],"author":[{"embeddable":true,"href":"https:\/\/www.hegykozisuli.hu\/index.php?rest_route=\/wp\/v2\/users\/2"}],"replies":[{"embeddable":true,"href":"https:\/\/www.hegykozisuli.hu\/index.php?rest_route=%2Fwp%2Fv2%2Fcomments&post=1144"}],"version-history":[{"count":8,"href":"https:\/\/www.hegykozisuli.hu\/index.php?rest_route=\/wp\/v2\/pages\/1144\/revisions"}],"predecessor-version":[{"id":1371,"href":"https:\/\/www.hegykozisuli.hu\/index.php?rest_route=\/wp\/v2\/pages\/1144\/revisions\/1371"}],"wp:attachment":[{"href":"https:\/\/www.hegykozisuli.hu\/index.php?rest_route=%2Fwp%2Fv2%2Fmedia&parent=1144"}],"curies":[{"name":"wp","href":"https:\/\/api.w.org\/{rel}","templated":true}]}}