{"id":2895,"date":"2015-11-10T12:19:43","date_gmt":"2015-11-10T12:19:43","guid":{"rendered":"http:\/\/www.hegykozisuli.hu\/?page_id=2895"},"modified":"2016-03-04T20:38:08","modified_gmt":"2016-03-04T20:38:08","slug":"magyar-nyelv-es-irodalom","status":"publish","type":"page","link":"https:\/\/www.hegykozisuli.hu\/?page_id=2895","title":{"rendered":"Magyar nyelv \u00e9s irodalom"},"content":{"rendered":"<p style=\"text-align: center;\">Hasznos \u00e9s \u00e9rdekes linkek, seg\u00e9danyagok<\/p>\n<p style=\"text-align: left;\"><a href=\"https:\/\/portal.nkp.hu\/Search?subjectId=8\" target=\"_blank\">Nemzeti K\u00f6znevel\u00e9si Port\u00e1l &#8211; magyar nyelv \u00e9s irodalom<\/a><\/p>\n<p style=\"text-align: left;\"><a href=\"http:\/\/tudasbazis.sulinet.hu\/hu\/magyar-nyelv-es-irodalom\" target=\"_blank\">Sulinet Digit\u00e1lis Tud\u00e1sb\u00e1zis &#8211; magyar nyelv \u00e9s irodalom<\/a><\/p>\n<p style=\"text-align: left;\"><a href=\"http:\/\/etananyag.ofi.hu\/tantargyak\/magyar-nyelv-es-kommunikacio\" target=\"_blank\">OFI e-tananyag &#8211; magyar nyelv \u00e9s kommunik\u00e1ci\u00f3<\/a><\/p>\n<p style=\"text-align: left;\"><a href=\"http:\/\/etananyag.ofi.hu\/tantargyak\/irodalom\" target=\"_blank\">OFI e-tananyag &#8211; magyar irodalom<\/a><\/p>\n<p style=\"text-align: left;\"><a href=\"http:\/\/helyesiras.mta.hu\/\">Helyes\u00edr\u00e1s ellen\u0151rz\u00e9s<\/a><\/p>\n","protected":false},"excerpt":{"rendered":"<p>Hasznos \u00e9s \u00e9rdekes linkek, seg\u00e9danyagok Nemzeti K\u00f6znevel\u00e9si Port\u00e1l &#8211; magyar nyelv \u00e9s irodalom Sulinet Digit\u00e1lis Tud\u00e1sb\u00e1zis &#8211; magyar nyelv \u00e9s<span class=\"exprt-dot\">&#8230;<\/span><\/p>\n","protected":false},"author":2,"featured_media":0,"parent":0,"menu_order":0,"comment_status":"closed","ping_status":"closed","template":"","meta":[],"_links":{"self":[{"href":"https:\/\/www.hegykozisuli.hu\/index.php?rest_route=\/wp\/v2\/pages\/2895"}],"collection":[{"href":"https:\/\/www.hegykozisuli.hu\/index.php?rest_route=\/wp\/v2\/pages"}],"about":[{"href":"https:\/\/www.hegykozisuli.hu\/index.php?rest_route=\/wp\/v2\/types\/page"}],"author":[{"embeddable":true,"href":"https:\/\/www.hegykozisuli.hu\/index.php?rest_route=\/wp\/v2\/users\/2"}],"replies":[{"embeddable":true,"href":"https:\/\/www.hegykozisuli.hu\/index.php?rest_route=%2Fwp%2Fv2%2Fcomments&post=2895"}],"version-history":[{"count":4,"href":"https:\/\/www.hegykozisuli.hu\/index.php?rest_route=\/wp\/v2\/pages\/2895\/revisions"}],"predecessor-version":[{"id":4866,"href":"https:\/\/www.hegykozisuli.hu\/index.php?rest_route=\/wp\/v2\/pages\/2895\/revisions\/4866"}],"wp:attachment":[{"href":"https:\/\/www.hegykozisuli.hu\/index.php?rest_route=%2Fwp%2Fv2%2Fmedia&parent=2895"}],"curies":[{"name":"wp","href":"https:\/\/api.w.org\/{rel}","templated":true}]}}