{"id":6667,"date":"2016-03-16T09:51:47","date_gmt":"2016-03-16T09:51:47","guid":{"rendered":"http:\/\/www.hegykozisuli.hu\/?page_id=6667"},"modified":"2025-12-07T13:27:54","modified_gmt":"2025-12-07T13:27:54","slug":"20112012-2","status":"publish","type":"page","link":"https:\/\/www.hegykozisuli.hu\/?page_id=6667","title":{"rendered":"2024\/2025"},"content":{"rendered":"<p><a href=\"https:\/\/www.hegykozisuli.hu\/wp-content\/uploads\/2025\/11\/Kompetenciameres-2025-1.pdf\">Kompetenciam\u00e9r\u00e9s 2025<\/a> <a href=\"https:\/\/www.hegykozisuli.hu\/wp-content\/uploads\/2025\/11\/Kompetenciameres-2025.pdf\">Kompetenciam\u00e9r\u00e9s 2025<\/a><\/p>\n","protected":false},"excerpt":{"rendered":"<p>Kompetenciam\u00e9r\u00e9s 2025 Kompetenciam\u00e9r\u00e9s 2025<\/p>\n","protected":false},"author":2,"featured_media":0,"parent":0,"menu_order":0,"comment_status":"closed","ping_status":"closed","template":"","meta":[],"_links":{"self":[{"href":"https:\/\/www.hegykozisuli.hu\/index.php?rest_route=\/wp\/v2\/pages\/6667"}],"collection":[{"href":"https:\/\/www.hegykozisuli.hu\/index.php?rest_route=\/wp\/v2\/pages"}],"about":[{"href":"https:\/\/www.hegykozisuli.hu\/index.php?rest_route=\/wp\/v2\/types\/page"}],"author":[{"embeddable":true,"href":"https:\/\/www.hegykozisuli.hu\/index.php?rest_route=\/wp\/v2\/users\/2"}],"replies":[{"embeddable":true,"href":"https:\/\/www.hegykozisuli.hu\/index.php?rest_route=%2Fwp%2Fv2%2Fcomments&post=6667"}],"version-history":[{"count":10,"href":"https:\/\/www.hegykozisuli.hu\/index.php?rest_route=\/wp\/v2\/pages\/6667\/revisions"}],"predecessor-version":[{"id":14122,"href":"https:\/\/www.hegykozisuli.hu\/index.php?rest_route=\/wp\/v2\/pages\/6667\/revisions\/14122"}],"wp:attachment":[{"href":"https:\/\/www.hegykozisuli.hu\/index.php?rest_route=%2Fwp%2Fv2%2Fmedia&parent=6667"}],"curies":[{"name":"wp","href":"https:\/\/api.w.org\/{rel}","templated":true}]}}