{"id":7664,"date":"2016-05-17T10:17:47","date_gmt":"2016-05-17T10:17:47","guid":{"rendered":"http:\/\/www.hegykozisuli.hu\/?page_id=7664"},"modified":"2019-05-07T11:26:20","modified_gmt":"2019-05-07T11:26:20","slug":"2004-hollohaza","status":"publish","type":"page","link":"https:\/\/www.hegykozisuli.hu\/?page_id=7664","title":{"rendered":"III. 2004.10.10. Holl\u00f3h\u00e1za"},"content":{"rendered":"<p><a href=\"https:\/\/www.hegykozisuli.hu\/wp-content\/uploads\/2016\/05\/Megh\u00edv\u00f3-1.pdf\">Megh\u00edv\u00f3 1<\/a><\/p>\n<p><a href=\"https:\/\/www.hegykozisuli.hu\/wp-content\/uploads\/2016\/05\/Megh\u00edv\u00f3-2.pdf\">Megh\u00edv\u00f3 2<\/a><\/p>\n","protected":false},"excerpt":{"rendered":"<p>Megh\u00edv\u00f3 1 Megh\u00edv\u00f3 2<\/p>\n","protected":false},"author":2,"featured_media":0,"parent":0,"menu_order":0,"comment_status":"closed","ping_status":"closed","template":"","meta":[],"_links":{"self":[{"href":"https:\/\/www.hegykozisuli.hu\/index.php?rest_route=\/wp\/v2\/pages\/7664"}],"collection":[{"href":"https:\/\/www.hegykozisuli.hu\/index.php?rest_route=\/wp\/v2\/pages"}],"about":[{"href":"https:\/\/www.hegykozisuli.hu\/index.php?rest_route=\/wp\/v2\/types\/page"}],"author":[{"embeddable":true,"href":"https:\/\/www.hegykozisuli.hu\/index.php?rest_route=\/wp\/v2\/users\/2"}],"replies":[{"embeddable":true,"href":"https:\/\/www.hegykozisuli.hu\/index.php?rest_route=%2Fwp%2Fv2%2Fcomments&post=7664"}],"version-history":[{"count":4,"href":"https:\/\/www.hegykozisuli.hu\/index.php?rest_route=\/wp\/v2\/pages\/7664\/revisions"}],"predecessor-version":[{"id":10871,"href":"https:\/\/www.hegykozisuli.hu\/index.php?rest_route=\/wp\/v2\/pages\/7664\/revisions\/10871"}],"wp:attachment":[{"href":"https:\/\/www.hegykozisuli.hu\/index.php?rest_route=%2Fwp%2Fv2%2Fmedia&parent=7664"}],"curies":[{"name":"wp","href":"https:\/\/api.w.org\/{rel}","templated":true}]}}